{"id":33,"date":"2024-12-05T14:37:42","date_gmt":"2024-12-05T13:37:42","guid":{"rendered":"https:\/\/ifah85.wordpress.com\/?page_id=33"},"modified":"2026-04-13T13:15:34","modified_gmt":"2026-04-13T13:15:34","slug":"impressum-datenschutz","status":"publish","type":"page","link":"https:\/\/ifah.de\/?page_id=33","title":{"rendered":"Impressum &amp; Datenschutz"},"content":{"rendered":"\n<p class=\"has-mona-sans-font-family\" style=\"font-size:clamp(27.42px, 1.714rem + ((1vw - 3.2px) * 2.052), 47px);\"><strong>Impressum<\/strong><\/p>\n\n\n\n<p class=\"has-mona-sans-font-family\"><strong>Angaben gem\u00e4\u00df \u00a7 5 TMG<\/strong><\/p>\n\n\n\n<p class=\"has-mona-sans-font-family\">Institut f\u00fcr Angewandte Hydrogeologie GmbH<br>Heinkelstra\u00dfe 8<br>30827 Garbsen<\/p>\n\n\n\n<p class=\"has-mona-sans-font-family\">Handelsregister: HRB 110525<br>Registergericht: AG Hannover\u00a0<br>Steuernummer: 27\/200\/20294<\/p>\n\n\n\n<p class=\"has-mona-sans-font-family\"><strong>Vertreten durch:<\/strong><br>Mads Andresen, Katharina Koch, Florian Gehring<\/p>\n\n\n\n<p class=\"has-mona-sans-font-family\"><strong>Kontakt:<\/strong><br>Telefon: 05131 8462<\/p>\n\n\n\n<p class=\"has-mona-sans-font-family\">E-Mail:&nbsp;&nbsp;office@ifah.de<br>Internet:&nbsp;www.ifah.de<\/p>\n\n\n\n<p class=\"has-mona-sans-font-family\"><strong>Umsatzsteuer-ID<\/strong><br>Umsatzsteuer-Identifikationsnummer gem\u00e4\u00df \u00a7 27 a Umsatzsteuergesetz: DE116546248<\/p>\n\n\n\n<p class=\"has-mona-sans-font-family\"><strong>Verbraucherstreitbeilegungsgesetz<\/strong><\/p>\n\n\n\n<p class=\"has-mona-sans-font-family\">Seit 1. Februar 2017 gilt das Verbraucherstreitbeilegungsgesetz, das eine m\u00f6gliche Form der Konfliktschlichtung regelt. Die Kommunikation zwischen Verbraucherschlichtungsstelle und den Parteien soll nach der Verfahrensordnung der allgemeinen Verbraucherschlichtungsstelle grunds\u00e4tzlich in Textform erfolgen. Die Europ\u00e4ische Kommission stellt eine Plattform zur Online-Streitbeilegung (OS) bereit:&nbsp;<a href=\"https:\/\/ec.europa.eu\/consumers\/odr\" target=\"_blank\" rel=\"noreferrer noopener\">https:\/\/ec.europa.eu\/consumers\/odr<\/a>.<br>Da Kundenzufriedenheit bei uns an erster Stelle steht, legen wir gro\u00dfen Wert darauf, das Anliegen unserer Kunden pers\u00f6nlich zu l\u00f6sen.&nbsp;Im Bedarfsfall wenden Sie sich bitte an die Gesch\u00e4ftsf\u00fchrung.<\/p>\n\n\n\n<p class=\"has-mona-sans-font-family\">Zur Teilnahme an einem Streitbeilegungsverfahren gem\u00e4\u00df \u00a736 des Verbraucherstreitbeilegungsgesetzes sind wir weder bereit, noch verpflichtet.<\/p>\n\n\n\n<p class=\"has-mona-sans-font-family\"><strong>Haftung f\u00fcr Inhalte<\/strong><br>Als Diensteanbieter sind wir gem\u00e4\u00df \u00a7 7 Abs.1 TMG f\u00fcr eigene Inhalte auf diesen Seiten nach den allgemeinen Gesetzen verantwortlich. Nach \u00a7\u00a7 8 bis 10 TMG sind wir als Diensteanbieter jedoch nicht verpflichtet, \u00fcbermittelte oder gespeicherte fremde Informationen zu \u00fcberwachen oder nach Umst\u00e4nden zu forschen, die auf eine rechtswidrige T\u00e4tigkeit hinweisen.<\/p>\n\n\n\n<p class=\"has-mona-sans-font-family\">Verpflichtungen zur Entfernung oder Sperrung der Nutzung von Informationen nach den allgemeinen Gesetzen bleiben hiervon unber\u00fchrt. Eine diesbez\u00fcgliche Haftung ist jedoch erst ab dem Zeitpunkt der Kenntnis einer konkreten Rechtsverletzung m\u00f6glich. Bei Bekanntwerden von entsprechenden Rechtsverletzungen werden wir diese Inhalte umgehend entfernen.<\/p>\n\n\n\n<p class=\"has-mona-sans-font-family\"><strong>Haftung f\u00fcr Links<\/strong><br>Unser Angebot enth\u00e4lt Links zu externen Websites Dritter, auf deren Inhalte wir keinen Einfluss haben. Trotz sorgf\u00e4ltiger inhaltlicher Kontrolle \u00fcbernehmen wir f\u00fcr die Inhalte externer Links keine Haftung. F\u00fcr die Inhalte der verlinkten Seiten sind ausschlie\u00dflich deren Betreiber verantwortlich. Die verlinkten Seiten wurden zum Zeitpunkt der Verlinkung auf m\u00f6gliche Rechtsverst\u00f6\u00dfe \u00fcberpr\u00fcft. Rechtswidrige Inhalte waren zum Zeitpunkt der Verlinkung nicht erkennbar.<\/p>\n\n\n\n<p class=\"has-mona-sans-font-family\">Eine permanente inhaltliche Kontrolle der verlinkten Seiten ist jedoch ohne konkrete Anhaltspunkte einer Rechtsverletzung nicht zumutbar. Bei Bekanntwerden von Rechtsverletzungen werden wir derartige Links umgehend entfernen.<\/p>\n\n\n\n<p class=\"has-mona-sans-font-family\"><strong>Urheberrecht<\/strong><br>Die Informationen und Angaben der Homepage wurden nach bestem Wissen und Gewissen zusammengestellt. Die IFAH GmbH \u00fcbernimmt jedoch keine Haftung f\u00fcr die Aktualit\u00e4t, Korrektheit oder Vollst\u00e4ndigkeit der bereitgestellten Informationen und Angaben.<\/p>\n\n\n\n<p class=\"has-mona-sans-font-family\">Die durch die Seitenbetreiber erstellten Inhalte und Werke auf diesen Seiten unterliegen dem deutschen Urheberrecht. Die Vervielf\u00e4ltigung, Bearbeitung, Verbreitung und jede Art der Verwertung au\u00dferhalb der Grenzen des Urheberrechtes bed\u00fcrfen der schriftlichen Zustimmung des jeweiligen Autors bzw. Erstellers. Downloads und Kopien dieser Seite sind nur f\u00fcr den privaten, nicht kommerziellen Gebrauch gestattet.<\/p>\n\n\n\n<p class=\"has-mona-sans-font-family\">Soweit die Inhalte auf dieser Seite nicht vom Betreiber erstellt wurden, werden die Urheberrechte Dritter beachtet. Insbesondere werden Inhalte Dritter als solche gekennzeichnet.<\/p>\n\n\n\n<p class=\"has-mona-sans-font-family\">Haftungsanspr\u00fcche materieller und ideeller Art, die durch die Nutzung m\u00f6glicherweise fehlerhafter oder unvollst\u00e4ndiger Informationen verursacht wurden, sind mit Ausnahme vors\u00e4tzlichen oder grob fahrl\u00e4ssigen Handelns ausgeschlossen. Sollten Sie trotzdem auf eine Urheberrechtsverletzung aufmerksam werden, bitten wir um einen entsprechenden Hinweis.<\/p>\n\n\n\n<p class=\"has-mona-sans-font-family\">Letzte Aktualisierung: November 2025<\/p>\n","protected":false},"excerpt":{"rendered":"<p>Impressum Angaben gem\u00e4\u00df \u00a7 5 TMG Institut f\u00fcr Angewandte Hydrogeologie GmbHHeinkelstra\u00dfe 830827 Garbsen Handelsregister: HRB 110525Registergericht: AG Hannover\u00a0Steuernummer: 27\/200\/20294 Vertreten durch:Mads Andresen, Katharina Koch, Florian Gehring Kontakt:Telefon: 05131 8462 E-Mail:&nbsp;&nbsp;office@ifah.deInternet:&nbsp;www.ifah.de Umsatzsteuer-IDUmsatzsteuer-Identifikationsnummer gem\u00e4\u00df \u00a7 27 a Umsatzsteuergesetz: DE116546248 Verbraucherstreitbeilegungsgesetz Seit 1. Februar 2017 gilt das Verbraucherstreitbeilegungsgesetz, das eine m\u00f6gliche Form der Konfliktschlichtung regelt. Die Kommunikation zwischen [&hellip;]<\/p>\n","protected":false},"author":2,"featured_media":0,"parent":0,"menu_order":0,"comment_status":"closed","ping_status":"closed","template":"","meta":{"footnotes":""},"class_list":["post-33","page","type-page","status-publish","hentry"],"_links":{"self":[{"href":"https:\/\/ifah.de\/index.php?rest_route=\/wp\/v2\/pages\/33","targetHints":{"allow":["GET"]}}],"collection":[{"href":"https:\/\/ifah.de\/index.php?rest_route=\/wp\/v2\/pages"}],"about":[{"href":"https:\/\/ifah.de\/index.php?rest_route=\/wp\/v2\/types\/page"}],"author":[{"embeddable":true,"href":"https:\/\/ifah.de\/index.php?rest_route=\/wp\/v2\/users\/2"}],"replies":[{"embeddable":true,"href":"https:\/\/ifah.de\/index.php?rest_route=%2Fwp%2Fv2%2Fcomments&post=33"}],"version-history":[{"count":6,"href":"https:\/\/ifah.de\/index.php?rest_route=\/wp\/v2\/pages\/33\/revisions"}],"predecessor-version":[{"id":526,"href":"https:\/\/ifah.de\/index.php?rest_route=\/wp\/v2\/pages\/33\/revisions\/526"}],"wp:attachment":[{"href":"https:\/\/ifah.de\/index.php?rest_route=%2Fwp%2Fv2%2Fmedia&parent=33"}],"curies":[{"name":"wp","href":"https:\/\/api.w.org\/{rel}","templated":true}]}}